r?
True
Is 149689 a prime number?
True
Is 816947 a composite number?
False
Is 2917 prime?
True
Is 22478 composite?
True
Is 484837 prime?
False
Is 19898 composite?
True
Is 559 composite?
True
Is 6445 a composite number?
True
Is 1945439 a composite number?
False
Is 4777 composite?
True
Is 181561 a composite number?
True
Is 44483 prime?
True
Is 6166 prime?
False
Is 105445 a composite number?
True
Is 9271 a composite number?
True
Is 34339 a composite number?
True
Is 6317 a prime number?
True
Is 12049 a prime number?
True
Is 1513 composite?
True
Is 4195 a prime number?
False
Is 90707 a prime number?
False
Is 72859 a prime number?
True
Is 99053 a composite number?
False
Is 839329 a prime number?
False
Is 454829 a composite number?
True
Is 41077 prime?
True
Is 114239 composite?
True
Is 90757 prime?
False
Is 65441 composite?
True
Is 3317 a prime number?
False
Is 20455 prime?
False
Is 37514 a composite number?
True
Is 2367179 composite?
False
Is 313261 composite?
True
Is 150137 prime?
False
Is 6881 prime?
False
Is 274101 composite?
True
Is 320081 a composite number?
False
Is 56495 composite?
True
Is 2117 prime?
False
Is 29269 prime?
True
Is 220663 a composite number?
False
Is 13553 a composite number?
False
Is 14981 composite?
True
Is 3389 prime?
True
Is 62891 a prime number?
False
Is 8999845 composite?
True
Is 8543 prime?
True
Is 69157 composite?
True
Is 1592126 composite?
True
Is 4987 a prime number?
True
Is 54781 a prime number?
False
Is 5749 a prime number?
True
Is 112949 a composite number?
True
Is 21797 a composite number?
True
Is 461081 a prime number?
False
Is 45007 prime?
True
Is 20681 prime?
True
Is 154729 prime?
False
Is 985921 a composite number?
False
Is 13303 prime?
False
Is 27539 composite?
False
Is 226437 prime?
False
Is 355 prime?
False
Is 137251 a prime number?
True
Is 9553 a prime number?
False
Is 2467979 a composite number?
False
Is 11303 a prime number?
False
Is 5596171 composite?
True
Is 138559 composite?
False
Is 496123 a composite number?
False
Is 8039 a prime number?
True
Is 10239 prime?
False
Is 11671 prime?
False
Is 135553 composite?
True
Is 7886 a prime number?
False
Is 490715 a prime number?
False
Is 540959 a composite number?
True
Is 542877 composite?
True
Is 22973 a composite number?
False
Is 7817 prime?
True
Is 7513 a prime number?
False
Is 69815 a composite number?
True
Is 160978 prime?
False
Is 158161 a prime number?
True
Is 558281 composite?
True
Is 865 prime?
False
Is 5039 composite?
False
Is 6067 a composite number?
False
Is 1832791 composite?
False
Is 7343 composite?
True
Is 74523 prime?
False
Is 173429 a composite number?
False
Is 34027 a composite number?
True
Is 4987 a prime number?
True
Is 88117 a prime number?
True
Is 675551 a prime number?
True
Is 5981 prime?
True
Is 1357 a composite number?
True
Is 685727 a composite number?
True
Is 5077 a prime number?
True
Is 66151 prime?
False
Is 6761 composite?
False
Is 23719 composite?
False
Is 15245 composite?
True
Is 15923 a prime number?
True
Is 40063 a composite number?
False
Is 10037 prime?
True
Is 67777 composite?
False
Is 6619 a composite number?
False
Is 14051 prime?
True
Is 8141 composite?
True
Is 28559 a prime number?
True
Is 17059 a prime number?
False
Is 1821599 a prime number?
False
Is 3027 composite?
True
Is 1624949 a composite number?
True
Is 4832569 prime?
False
Is 303469 a composite number?
False
Is 44819 a composite number?
False
Is 193915 a composite number?
True
Is 5633 prime?
False
Is 226169 a composite number?
False
Is 2371205 composite?
True
Is 921 a composite number?
True
Is 19661 composite?
False
Is 43693 composite?
True
Is 17317 composite?
False
Is 12809 a composite number?
False
Is 21719 a prime number?
False
Is 4747 a composite number?
True
Is 1395499 prime?
False
Is 137903 composite?
True
Is 4643 composite?
False
Is 4541 composite?
True
Is 46589 prime?
True
Is 5189 composite?
False
Is 50927 prime?
False
Is 705389 a composite number?
False
Is 147919 a composite number?
False
Is 16163 a composite number?
True
Is 1801 prime?
True
Is 28211 a composite number?
False
Is 61259 a composite number?
True
Is 164863 prime?
False
Is 143926 prime?
False
Is 2767 a composite number?
False
Is 45361 composite?
False
Is 386326 a prime number?
False
Is 4637 prime?
True
Is 10033 composite?
True
Is 1175071 a prime number?
True
Is 22405 a prime number?
False
Is 1021183 composite?
False
Is 4831 prime?
True
Is 4007 composite?
False
Is 387577 composite?
False
Is 291901 composite?
False
Is 2676761 a composite number?
False
Is 251383 prime?
False
Is 3433 prime?
True
Is 276559 prime?
False
Is 69653 a composite number?
False
Is 6038 a prime number?
False
Is 57613 a prime number?
False
Is 596173 composite?
True
Is 1057219 a composite number?
False
Is 1311917 composite?
False
Is 159667 a composite number?
False
Is 58361 a prime number?
False
Is 14113 prime?
False
Is 259099 composite?
False
Is 483083 prime?
False
Is 991 composite?
False
Is 3089 prime?
True
Is 33842 composite?
True
Is 17179 a prime number?
False
Is 54357 prime?
False
Is 177409 composite?
False
Is 2117 a composite number?
True
Is 871 prime?
False
Is 93323 a prime number?
True
Is 35363 composite?
False
Is 2463 a prime number?
False
Is 5354 a composite number?
True
Is 21557 composite?
False
Is 40423 a prime number?
True
Is 15391 a composite number?
False
Is 853 prime?
True
Is 156671 prime?
True
Is 339113 a prime number?
False
Is 7979 prime?
False
Is 14633 a composite number?
False
Is 2879 a prime number?
True
Is 268403 composite?
False
Is 1087 a prime number?
True
Is 8509 a composite number?
True
Is 72613 composite?
False
Is 1200581 a prime number?
True
Is 662203 composite?
False
Is 9935 a prime number?
False
Is 66989 prime?
False
Is 408754 prime?
False
Is 6178 prime?
False
Is 17851 prime?
True
Is 358571 a composite number?
False
Is 87379 a prime number?
False
Is 167309 a prime number?
True
Is 357187 a prime number?
False
Is 1724737 a composite number?
True
Is 14351 a prime number?
False
Is 106291 composite?
False
Is 263 prime?
True
Is 184949 composite?
False
Is 217 a composite number?
True
Is 2417747 composite?
False
Is 7499 a composite number?
False
Is 16639 a composite number?
True
Is 371 a prime number?
False
Is 67667 a composite number?
True
Is 13883 prime?
True
Is 70159 a prime number?
False
Is 72161 a composite number?
False
Is 644617 a composite number?
False
Is 51941 prime?
True
Is 277247 prime?
True
Is 3155 prime?
False
Is 703 composite?
True
Is 41371 composite?
True
Is 6563 a composite number?
False
Is 523969 a prime number?
True
Is 38993 a prime number?
True
Is 1353551 a composite number?
False
Is 929 a prime number?
True
Is 2569361 composite?
False
Is 471 prime?
False
Is 3079 a composite number?
False
Is 1443899 a prime number?
True
Is 27847 prime?
True
Is 1195421 a prime number?
True
Is 133451 a prime number?
True
Is 1754113 a prime number?
True
Is 300619 composite?
True
Is 7747 a prime number?
False
Is 135611 composite?
True
Is 818281 prime?
True
Is 323791 prime?
False
Is 409715 a composite number?
True
Is 24659 a prime number?
True
Is 301123 a composite number?
False
Is 227463 prime?
False
Is 302699 a prime number?
False
Is 27611 prime?
True
Is 6803 a prime number?
True
Is 23507 a composite number?
True
Is 33547 prime?
True
Is 146147 composite?
True
Is 86881 composite?
True
Is 4201 composite?
False
Is 451961 a prime number?
True
Is 28639 composite?
True
Is 161807 prime?
True
Is 613 a composite number?
False
Is 119571 prime?
False
Is 51533 prime?
False
Is 81071 prime?
True
Is 71513 prime?
False
Is 4673 prime?
True
Is 106037 a composite number?
True
Is 5623 composite?
False
Is 91691 composite?
False
Is 243149 a prime number?
True
Is 56963 composite?
False
Is 9871 a composite number?
False
Is 502221 composite?
True
Is 10831 composite?
False
Is 4667 prime?
False
Is 84097 a prime number?
False
Is 477893 a composite number?
True
Is 27533 prime?
False
Is 11311 a prime number?
True
Is 107339 a composite number?
False
Is 194653 composite?
False
Is 115129 composite?
True
Is 1283 a prime number?
True
Is 1505671 a composite number?
True
Is 322131 prime?
False
Is 267071 composite?
True
Is 587 composite?
False
Is 218923 composite?
False
Is 25093 a composite number?
True
Is 11467 prime?
True
Is 1465 prime